e highest common divisor of 104 and j.
13
Suppose 4*r - 3*r - 149 = 0. Suppose 5*o + 178 = 4*g - 8, 0 = 3*o + 6. Let c = r - g. Calculate the greatest common divisor of 15 and c.
15
Suppose -5*w - 4*z = 9 - 140, 0 = -w - 2*z + 25. Suppose -7*u - 36 = -9*u. Calculate the greatest common factor of w and u.
9
Suppose -k - 4 = -2*k - 2*r, -r - 8 = -2*k. Let o(s) = -6*s - 2. Let t be o(-3). What is the highest common factor of k and t?
4
Suppose 5*f - 29 = 16. Calculate the greatest common divisor of f and 9.
9
Suppose 0 = 3*h - 2*o + 88, -h - 56 = h - 4*o. Let p be h/(-4)*44/3. What is the greatest common factor of 10 and p?
10
Let d be -6*((-15)/(-2))/3. Let h be d/3*(-84)/5. Let m be (1/(-3))/(3/(-189)). What is the highest common divisor of h and m?
21
Suppose -4*p + 2*p + 3*w = -15, 4*p = -4*w. What is the greatest common factor of 12 and p?
3
Let h(z) = 2*z**2 - 5*z + 2. Let m be h(-4). Let l be (1/(-5))/(1/(-15)) + 3. Calculate the highest common factor of l and m.
6
Let c = -436 - -953. What is the greatest common factor of 47 and c?
47
Let a(j) = j**3 - 8 + 10*j**2 + 0 + 3. Let t be a(-7). Suppose -y = -2*f - 3*y + t, 0 = 4*f + 3*y - 288. Calculate the highest common factor of f and 15.
15
Suppose 0 = -6*w + 2*w + 172. Let f = w + -29. Calculate the greatest common divisor of 21 and f.
7
Let q be (220/(-8))/((-1)/2). Suppose 0 = 3*y - 29 - q. Calculate the highest common factor of y and 42.
14
Let m be 220/((1 + -2)/(-1)). Suppose -2*c = 3*c - m. Calculate the greatest common divisor of c and 4.
4
Let f(c) = -2*c + 5. Let y be f(6). Let l(k) = -k**3 - 6*k**2 - k - 1. Let s be l(y). Calculate the greatest common factor of s and 11.
11
Let a(d) = -d**3 + 3*d**2 + 2*d - 5. Let j be a(2). Let k be 0 + (4 - 2) + 19. What is the highest common divisor of j and k?
3
Suppose 5*x - 449 = c + 6, -x + 2*c + 100 = 0. Calculate the greatest common divisor of x and 10.
10
Let q(z) = z**2 + 7*z - 10. Let n be q(-8). Let h be n/6 - (-992)/6. Calculate the highest common divisor of h and 15.
15
Suppose 5*z - 4 = -5*d + 46, 0 = 4*d + 12. Suppose -21 = -6*q + 5*q + 4*y, y - 11 = -q. What is the greatest common divisor of z and q?
13
Let h(m) = -m**3 - 5*m**2 - 2*m + 1. Let w be h(-5). What is the greatest common divisor of 77 and w?
11
Let a = 12 + -10. Suppose 34 + 31 = a*g - 3*r, -4*g = -5*r - 127. Calculate the highest common divisor of 70 and g.
14
Let u(v) = v**2 - 6*v - 3. Let d be u(7). Let h be 1*(-2 + d + -2). Suppose h = -4*i + 13 + 3. What is the highest common factor of i and 36?
4
Suppose 11*n - 10*n - 5 = 0. Let a be n - 2 - 41*-3. Calculate the greatest common factor of a and 14.
14
Let w(c) = c**2 + 15*c. Let z be w(-15). Suppose z = -0*u + 5*u - 120. Let l = -9 - -15. What is the highest common divisor of l and u?
6
Let b(n) = 4*n + 10. Let w be b(-2). Calculate the highest common divisor of 10 and w.
2
Let f(c) = -10*c + 14. Let v be f(-7). What is the greatest common divisor of v and 210?
42
Let a be 320/6 + (-5)/15. Suppose 5*y = -4*p + 126, 2*y - p + 0*p - a = 0. Calculate the highest common factor of 65 and y.
13
Let t(f) = 2*f**3 - f**2 - 3*f - 1. Let c be t(4). Let g be (-2)/3 + (-175)/(-15). What is the greatest common factor of g and c?
11
Suppose 8*q - 3*q = 80. Suppose i - 2*i = -q. Calculate the greatest common divisor of 24 and i.
8
Let x be (-9)/(-6)*10*2. Suppose 0 = -2*f - 0*f + 70. Suppose -f = -5*m + 25. What is the highest common divisor of x and m?
6
Let u be 5 + (-4 - (1 - 4)). What is the greatest common factor of u and 44?
4
Let q(w) = w**2 - w - 1. Let l(r) = 3*r**2 + 3*r - 2. Let a(s) = l(s) - 2*q(s). Let i be a(-6). What is the greatest common factor of i and 66?
6
Suppose -4*s = 5*m - 128, m = 5*s - 4*m - 115. Calculate the greatest common factor of s and 135.
27
Let b be (2 + -8)*40/(-3). Let w be 16/6*3/2. Let u be (w/(-5))/((-4)/50). What is the greatest common factor of b and u?
10
Suppose -200 = -2*f - 3*c, 3*f + 5*c = -0*c + 298. Suppose 5*m + 16 = f. Let k = 130 + -40. Calculate the highest common factor of k and m.
18
Suppose -4*m = -6*m + 82. Let v = m + 2. Suppose 0 = -4*p + 9 + v. What is the highest common factor of p and 65?
13
Suppose 7 + 17 = y. Suppose -t = -0*v + 2*v - y, 3*t - 58 = -5*v. Let b = -3 + v. What is the highest common divisor of b and 1?
1
Let c = 29 + -23. Let w = 2 - 0. Let p = w - -2. Calculate the greatest common factor of p and c.
2
Suppose -2*k + 20 = 2*y, 0 = -2*k + 3*y + y - 4. Suppose -i - k + 14 = 0. Suppose -3*t = -6, i = h + t + 2*t. What is the greatest common factor of 5 and h?
1
Suppose -3*m + 42 + 6 = 0. Calculate the highest common divisor of 40 and m.
8
Let z(v) be the first derivative of 10*v**3 + 2. Let h be z(1). What is the greatest common divisor of h and 12?
6
Let i be 10/(-25) - 17/(-5). Suppose b - 7 = s - 0*s, i*b + s = 5. Calculate the highest common divisor of 21 and b.
3
Suppose -2*s = -5*l - 18, 18 = 3*s + 2*s + l. Let p be 8/s - 0 - -24. Calculate the greatest common factor of p and 65.
13
Let r = 3 - 1. Suppose -u = -0*u - r. Calculate the highest common factor of u and 3.
1
Suppose -60 = -z - 0*z. Let r = -4 - -5. Let v be (r - -2)/(1/4). What is the greatest common factor of v and z?
12
Let k = 240 + -130. Let f be (-88)/(-9) + 6/27. What is the highest common factor of f and k?
10
Suppose -5*m + 4 = -2*w, 3*m + 6 + 2 = -4*w. Suppose -3*n + 1 + 17 = m. Calculate the greatest common divisor of n and 54.
6
Suppose -5 - 13 = 3*a. Let z be (-73)/(-3) + 2/a. What is the greatest common divisor of z and 8?
8
Let b be (-1 - -2)*-2 - 1. Let d(w) be the second derivative of -w**3 - 2*w**2 - 9*w. Let j be d(b). What is the greatest common divisor of 21 and j?
7
Let q = -17 - -41. Suppose 3*u - 4*d = -d - 3, 3*d - 6 = 2*u. Suppose 0 = -0*y - u*y + 9. What is the highest common factor of y and q?
3
Suppose -5*z + 0 = -35. Suppose -3*d + 35 + z = 0. Suppose 3*y - m = 291, -125 - 362 = -5*y + m. Calculate the greatest common factor of d and y.
14
Let y(s) = -s**3 + 3*s**2 + 2. Let l be y(3). Suppose -750 = l*d - 5*d. Let j = d - 175. What is the highest common divisor of 15 and j?
15
Let p be 5 - -8 - (-8 - 1)/3. Let n = 199 - 23. What is the highest common divisor of n and p?
16
Let f(n) = 69*n**3 + n**2 + 2*n + 1. Let m be f(-1). Let t = 118 + m. Let s be 8/2*14/8. Calculate the greatest common factor of t and s.
7
Suppose 3*y - 34 - 191 = 0. Calculate the highest common divisor of 25 and y.
25
Let g be (-16 - (6 + -3)) + -3. Let n = -6 - g. Calculate the highest common divisor of n and 4.
4
Suppose 5*q - 41 = -b, -4*b = 6*q - 2*q - 116. What is the highest common factor of b and 286?
26
Let p(m) = m**2 - 5*m + 1. Let i be p(6). Suppose f - i = 1. Calculate the highest common factor of 12 and f.
4
Let n(f) = 3 - 2 + 2*f - 13*f - 20*f. Let z be n(-6). What is the highest common divisor of 17 and z?
17
Let o be (-3 - -1)/((-6)/15). Let n = o - -4. Let v be (-6)/(1 - (-35)/(-33)). Calculate the greatest common factor of v and n.
9
Let v be (-2)/4 + 54/4. Calculate the highest common factor of 39 and v.
13
Let s = 3 + 2. Let d(p) = p**2 - p - 10. Let f be d(s). Suppose 3*b - 6 = 24. Calculate the highest common divisor of b and f.
10
Let l be (-12)/((21/2)/(-7)). Calculate the greatest common divisor of 20 and l.
4
Suppose 0 = -4*l - 0 + 8. Let c(h) = 2*h - h**l - 3 + 2*h**3 + 0*h + 2. Let i be c(2). Calculate the highest common divisor of i and 15.
15
Let l = -74 - -160. Suppose 2*k - l = -4*w, -7*k = 3*w - 3*k - 67. Calculate the highest common factor of 63 and w.
21
Suppose -2*r - 6 = 0, -3*v + v + 144 = 2*r. Suppose 0 = 3*u - 6*u + 18. Let f be (u/(-18))/((-2)/90). What is the greatest common factor of f and v?
15
Suppose 5*t - 16 = 9*t. Let a be 1/t - (-69)/4. What is the greatest common factor of a and 34?
17
Let x be 3/2*(-256)/(-24). Let p(y) = 7*y**2 - 6*y - 1. Let i be p(5). What is the highest common factor of x and i?
16
Suppose -45 = -3*u - 5*c, -u + 2*c = -2*c - 15. Suppose -15 = -3*x - 0. What is the highest common factor of x and u?
5
Let l(d) = 11*d + 1. Suppose -5*z + 10 = 5*p, -2*z + z = 5*p - 6. Let k be l(p). Let b = -146 - -266. What is the highest common factor of b and k?
12
Let o be (-387)/(-15) + 2/10. What is the highest common factor 